f p.
17
Suppose -28 = -r - 2*s, 29 = 2*r + 3*s - 27. Let n = 32 - 14. Let p = r - n. List the prime factors of p.
2, 5
Let l = 10 + -11. What are the prime factors of (3 + -2)/l*-5?
5
Suppose 58 = 8*j - 7*j. List the prime factors of j.
2, 29
Let d = 307 - 207. List the prime factors of d.
2, 5
Let f be (14/(-28))/((-2)/(-4)). List the prime factors of (-220)/(-8) + f/(-2).
2, 7
Let y be (12/2 - -2)*4. Suppose 0 = 5*o - y - 23. Suppose 35 = 2*v + o. List the prime factors of v.
2, 3
Let t = -15 + 18. Suppose -4*c + 38 = -t*c. List the prime factors of c.
2, 19
Suppose 0 = 2*g - 2 - 0. Let n(i) be the third derivative of i**4/3 + i**3/6 - 3*i**2. What are the prime factors of n(g)?
3
Suppose -5*x = -105 - 105. What are the prime factors of x?
2, 3, 7
What are the prime factors of 3/((-12)/(-4)) + 102?
103
Suppose 277 = u + k, 2*u + 3*k + k - 552 = 0. What are the prime factors of u?
2, 139
Let b(r) = -2*r**3 + r + 37. What are the prime factors of b(0)?
37
Let v be 4/6 + (-26)/(-6). Suppose -42 = v*k - 142. What are the prime factors of k?
2, 5
Let v = -15 + 27. Let s = v + -6. List the prime factors of s.
2, 3
Suppose -18*o + 2741 = 563. List the prime factors of o.
11
Let v(k) = 6*k**2 + 4*k + 3. List the prime factors of v(-3).
3, 5
Let n be -3*(5/(-3) - -3). Let b be (-28)/(-16) + (-1)/n. Suppose 0*u = u + b*x - 10, u = 2*x + 30. List the prime factors of u.
2, 5
Suppose -3*v - 2*v = -15. Suppose -5*a + 7 = -v. What are the prime factors of 72/(-3)*(-1)/a?
2, 3
Suppose -16 = -3*z + 2. Let b = 8 - z. Let i(s) = 2*s**2 + s + 1. List the prime factors of i(b).
11
Let j(x) = -3*x - 2. Let w be (16/(-20))/(2/(-5)). Suppose -4*u = -16, 2*u - 12 = 3*p - w*p. What are the prime factors of j(p)?
2, 5
Suppose 0 = 2*c - 2*h - 88 - 90, -5*h - 73 = -c. What are the prime factors of c?
3, 31
Let r = 6 - 4. What are the prime factors of (3 - 5/r)*4?
2
Let v(t) = 4*t**2 - 1. Let c be v(1). Suppose -4*r + 60 = -c*o, r - 45 = -2*r - o. What are the prime factors of r?
3, 5
Let z(i) be the first derivative of 5*i**2 - 3. What are the prime factors of z(1)?
2, 5
Let b(j) = -j**2 - 36*j + 7. What are the prime factors of b(-13)?
2, 3, 17
Let x(p) = -p**3 - p + 5. Let r be x(0). Suppose -2*j + 275 = 3*j. Suppose 0 = -0*h - r*h + j. List the prime factors of h.
11
Suppose -2*y + 10 = 4*h - 18, -3*h = 2*y - 28. Suppose -2*b - 3*i = 3*b + y, 5 = 4*b - 3*i. List the prime factors of b + (-30)/(6/(-2)).
3
Let p = 321 - 171. What are the prime factors of p?
2, 3, 5
Suppose 5*t = 291 - 101. Suppose -b + t = b. What are the prime factors of b?
19
Let n = 182 + -59. List the prime factors of n.
3, 41
Let k(q) = q**2 - 7*q - 6. Let o be k(8). Suppose -5*m + o*m = -72. List the prime factors of m.
2, 3
Let r(h) = 2*h**2 - 8*h + 5. Let j(p) = p**3 + 5*p**2 - 2*p - 4. Let l be j(-5). What are the prime factors of r(l)?
29
Let c(p) = -p**2 - 42*p - 2. What are the prime factors of c(-27)?
13, 31
What are the prime factors of 76*(2 + 1)*41/123?
2, 19
Let k(d) be the first derivative of d**4/4 + 5*d**3/3 + 6*d - 2. Let w be k(-5). Suppose -4*j - 10 = -2*v, w*v = v + 5*j + 30. List the prime factors of v.
7
Let k = -58 - -79. What are the prime factors of k?
3, 7
Suppose -3*b = -4*f - 286, -b + 3*f = -2*b + 117. What are the prime factors of b?
2, 3, 17
Let n be ((-2)/(-5))/((-5)/25). Suppose -3*p + 32 - 2 = 0. Let h = n + p. What are the prime factors of h?
2
Let t = 50 + -30. What are the prime factors of t?
2, 5
Suppose -5*y - t + 8 = -0*y, -4*y - 2*t = -4. Suppose 14 = j - y*z, 4*j - 53 = -2*z + 7*z. List the prime factors of 2/8 + 129/j.
11
Suppose -5*v = 2*b + 3*b - 5, 11 = 3*b - v. Suppose b*r - r = 70. What are the prime factors of r?
5, 7
Suppose 3*w + w = 684. List the prime factors of w.
3, 19
Let c(o) = 0*o**2 - o**2 + 0*o**2 - 4*o. Let j be c(-6). List the prime factors of (-1 + 2/4)*j.
2, 3
List the prime factors of 171/5 + (-4)/(-5).
5, 7
Suppose -218 = -7*s + 5*s. What are the prime factors of s?
109
Let x(w) = w**2 + w - 4. Let z be x(-5). Suppose -z = -5*c - b, b = -3*c - 2*b. List the prime factors of 90/8 + c/(-16).
11
Suppose 3*x = -4*c + 7*c - 153, -2*c - 2*x = -82. What are the prime factors of c?
2, 23
List the prime factors of 5/(-10) - 41/(-2).
2, 5
Let k(d) = d + 10. Let w be k(-5). Let l = w - 1. Suppose 3 = 4*g - 3*z - 3, -4*z = -4*g + l. What are the prime factors of g?
3
What are the prime factors of (3/6)/(2/28)?
7
Suppose -5*n - 4*f = -39, n - 5*n = -4*f - 24. List the prime factors of n.
7
Let a be (2*1)/((-1)/(-8)). Let p = -9 + a. What are the prime factors of p?
7
Let l(o) = -o**3 - 3*o**2. Let m be l(-3). Suppose s - 2*s + 2 = m. Suppose -s*b = i - 8, 0 = -3*b + 3*i - 0 + 30. List the prime factors of b.
2, 3
Let h(f) be the first derivative of 10*f**3/3 - f**2/2 + 3. List the prime factors of h(1).
3
Suppose 4*z - 83 - 157 = 0. Suppose 0*a - 5*a = -z. List the prime factors of a.
2, 3
Let y(k) be the second derivative of k**3/6 + 11*k**2/2 - 2*k. Let i be y(-9). Suppose 0 = -v + i. List the prime factors of v.
2
Suppose -11 = h + 1. Let y = -2 - h. What are the prime factors of y?
2, 5
List the prime factors of 0 + 6 + (-4)/4.
5
Let g = 27 + 24. List the prime factors of g.
3, 17
Let i(d) = d**2 - 9*d + 11. Suppose -z + 3 = -8. List the prime factors of i(z).
3, 11
Let c(i) = -8*i - 2. Let l be c(-3). Suppose 0 = -j + 3*n + l, 0 = 2*j - 0*n - 2*n - 28. List the prime factors of j.
2, 5
Let q be 6/(-27) - 220/(-18). Let h be 40/q + (-2)/(-3). Suppose 0 = -4*c - h*k - 4, -2*c + k = -2 - 8. List the prime factors of c.
3
Let l = -13 + 1. Let t = l - -25. List the prime factors of t.
13
Let r be (-60)/25 + 6/15. List the prime factors of r - (-35 - (1 - 3)).
31
Let c(b) = 4*b**2 - b. Let p be c(1). Suppose p*t - 56 - 31 = -4*v, -5*v - 116 = -4*t. List the prime factors of t.
29
Suppose 0 = -4*a - 3*l + 8 + 55, 0 = a - 4*l + 8. List the prime factors of a.
2, 3
Suppose -5*x = -x - 552. Suppose 2*i - 5*i = -x. What are the prime factors of i?
2, 23
Suppose -2*w - 10 = -z, 4*w + 3*z = -0*z - 10. List the prime factors of (27 + w)/((-1)/(-1)).
23
Suppose -h = -4*r + 181, 5*h + 50 + 27 = 2*r. What are the prime factors of r?
2, 23
List the prime factors of ((-2)/3)/((-26)/2574).
2, 3, 11
Let u = 171 - 99. What are the prime factors of u?
2, 3
Suppose 3*g = -4*i - 0*g + 24, -5*i = -4*g + 1. Let x(f) be the third derivative of f**5/30 - f**4/12 - f**3/2 + f**2. What are the prime factors of x(i)?
3
Let v = 134 + -62. List the prime factors of v.
2, 3
Let m be (1*-3)/(-4 + 3). Let f be (-158)/(-6) + 2/m. Suppose 4*b - 71 = -f. List the prime factors of b.
11
Let i(r) = -r**3 - r**2 + r + 35. What are the prime factors of i(0)?
5, 7
Let g(y) = 2*y**2 + 4*y - 6. What are the prime factors of g(-5)?
2, 3
Suppose -4*c = -4*t + 4, 2*c + 3*t = 4*t - 1. Suppose -2*w + 38 - 4 = c. List the prime factors of w.
17
Suppose -5*f + 158 = 2*a - a, -2*a + 6 = 0. Suppose 2*y = y + f. List the prime factors of y.
31
Let z = -163 + 178. What are the prime factors of z?
3, 5
Let d = -15 - -66. What are the prime factors of d?
3, 17
Suppose -4*o + 28 = 8. Suppose o*q - r = 28, 2*r = -4*q + 15 - 1. What are the prime factors of q?
5
Let o be (-51)/(-12) - (-2)/(-8). Suppose -2 = -o*a + 10. Suppose 2*n + 68 = 6*n - x, 0 = -a*n - 5*x + 28. What are the prime factors of n?
2
Let v = 6 + -3. Suppose 4 = -q + v*q. List the prime factors of q/(-6) + (-50)/(-6).
2
Let z = -21 - -36. What are the prime factors of z?
3, 5
Suppose -4*j - 26 = 10. Let y = 7 - j. List the prime factors of y.
2
Suppose 0 = 7*u + 59 - 472. List the prime factors of u.
59
Let h(r) = -r**3 + 5*r**2 - 3*r. Let i be h(4). Suppose 15 - 59 = -i*z. List the prime factors of z.
11
Suppose 0 = m - 17 - 134. List the prime factors of m.
151
Let n(z) = -1 + 8*z - 2*z - 1 - z. What are the prime factors of n(4)?
2, 3
Let a(x) = x**2 + 5*x + 6. List the prime factors of a(-5).
2, 3
Let n(v) = -v**2 + 2*v + 3. Let m(c) = 2*c**2 - 4*c - 7. Let o(b) = 3*m(b) + 7*n(b). Let z be o(1). Suppose -16 = -u - z. List the prime factors of u.
3, 5
Let k = 11 + 20. List the prime factors of k.
31
Let k(u) = 251*u - 6. What are the prime factors of k(1)?
5, 7
Suppose -2*g + 66 = -2*b - 6*g, 0 = -4*b + 2*g - 102. Let i = b + 5